+ 5*x - 6. Let z(p) = -p**2 + 4*p + 4. Let u be z(-2). Let b be k(u). What are the prime factors of b + (-7)/(21/6)?
2
Let f = -3 - -12. Let a be (-678)/(-9) - (-6)/f. Suppose -3*l + a = l. List the prime factors of l.
19
Let b(a) = -a**3 + 7*a**2 + 6*a - 6. Let c be b(7). Suppose 0 = -5*y - 4*s, y - 4*s - c = -12. List the prime factors of 18/y - 2/(-4).
5
Let f(k) = 3*k + 13. Let l = -21 + 35. What are the prime factors of f(l)?
5, 11
Suppose 0 = r - 5*r - 5*m + 2972, -2234 = -3*r - 5*m. What are the prime factors of r?
2, 3, 41
Let b(k) = 4*k**2 + 521. List the prime factors of b(0).
521
Let w = 204 + -146. Let x = 11 - w. Let b = -34 - x. List the prime factors of b.
13
Suppose -5*c = -0*c - 3*r + 5, -31 = -3*c - 5*r. What are the prime factors of 123*2/4 - (-3)/c?
3, 7
Let p(y) = 2*y**3 - 24*y**2 - 63*y + 10. List the prime factors of p(16).
2, 3, 5, 7
What are the prime factors of -4*(1895/(-10) + -1 - -3)?
2, 3, 5
Let t(n) = -n**3 - 34*n**2 - 36*n + 6. List the prime factors of t(-33).
3, 5, 7
Suppose 3*l = -l + 2*f + 552, f + 684 = 5*l. What are the prime factors of l?
2, 17
Suppose 4*v + 0 = 3*y + 14, 4*y - 5*v + 17 = 0. Let c be (-18)/(-5) - (-2)/5. Suppose -2 = c*d - 3*d + 2*x, y*x = 4*d - 12. What are the prime factors of d?
2
Suppose -601 - 55 = -4*j. Suppose 234 = w + 3*d, 60 + j = w + d. What are the prime factors of w?
3, 73
Let a be 14/(-4)*(-28)/49. Suppose 0 = -a*u + 7 + 1. Suppose 120 = 4*i - u*z, 3*i - 6*i - z + 94 = 0. List the prime factors of i.
31
Suppose -1675 - 4605 = -8*u. List the prime factors of u.
5, 157
Let i(g) = 10*g - 62. List the prime factors of i(28).
2, 109
Let z = -377 + 1242. List the prime factors of z.
5, 173
Suppose 0 = 4*m - 6*m + 66. Suppose -2*w = w + m. Let k = 5 - w. What are the prime factors of k?
2
Suppose -4*a - a - 5*r = -75, -a - 5*r + 19 = 0. Let i = -19 + a. Let v = 1 - i. List the prime factors of v.
2, 3
Let o(r) = 2*r**3 - 23*r**2 + 14*r - 20. Let u be o(11). What are the prime factors of (-2)/u + 20840/260?
2, 5
Let w = 62 + -68. Let p(j) = 4*j**2 + 9*j + 7. List the prime factors of p(w).
97
Suppose 39*f = 38*f - 2840. What are the prime factors of 3/(-2)*f/30?
2, 71
Suppose 3*c = a - 7, 5*c - 42 = -2*a + 4*c. Let t be (-7)/5 - 1/((-5)/2). List the prime factors of a/(-1 + t - -3).
19
Suppose 0 = -4*p + 67 + 41. Let w = 38 - p. List the prime factors of w.
11
Let h = 1734 + -1002. List the prime factors of h.
2, 3, 61
Suppose r - 5*r - 36 = 0. What are the prime factors of 1*(-218)/r - 2/9?
2, 3
Suppose -5*b = 5, -u = b - 6*b - 312. Suppose 6*j - u = j - 4*f, -2*j + 128 = -f. What are the prime factors of j?
3, 7
Let c(g) = -g**3 - 6*g**2 - g - 6. Let t be c(-6). Suppose 0 = j - 5*p - t*p - 32, 3*j - 5*p = 86. What are the prime factors of j?
3
What are the prime factors of 3/(-8) + 6/16 - -1718?
2, 859
Let m(r) = 11*r - 4*r - 58 + 60. Let a be m(-1). What are the prime factors of (a/(-2))/(1/4)?
2, 5
Suppose -2*c - 2*j - j = 1, 5*j + 4 = -c. Let y = c + 66. What are the prime factors of y?
67
Suppose 48 - 8 = -q - 3*l, -4*q = 2*l + 170. Let d = q + 198. What are the prime factors of d?
5, 31
Suppose 0 = -5*f + 14 + 21. Let m(j) = -j**3 + 11*j**2 - 20*j - 3. Let a be m(9). List the prime factors of (-3)/f - 450/a.
3, 7
Let g = 24 + -15. Suppose -g = -2*q + 7. What are the prime factors of -6*((-4)/q - 1)?
3
Let r = 4 - 2. Suppose 3*y = -m + 110, -32 = -3*y + 2*y + r*m. Suppose 0 = 3*t - 2*t - y. What are the prime factors of t?
2, 3
Let y(d) = -53*d + 1107. List the prime factors of y(-33).
2, 3, 7, 17
Let m = 1484 + -548. List the prime factors of m.
2, 3, 13
Let k = 24 - 23. Let w(i) = 4*i**3 + 4*i**2 + 3*i. Let m be w(-2). List the prime factors of (-2)/(k - (-26)/m).
11
Suppose 2*b = -3*c + 1627, 0*b = 2*c + 2*b - 1086. List the prime factors of c.
541
List the prime factors of 6266/38 + (-50)/(-475).
3, 5, 11
Let k = 621 + -339. Suppose 0 = -3*s - 3*s + k. List the prime factors of s.
47
Suppose 16*w = 12*w + 3156. List the prime factors of w.
3, 263
Let n(k) be the first derivative of 6*k**2 - 22*k + 22. List the prime factors of n(11).
2, 5, 11
List the prime factors of (2/14)/((-22)/(-537614)).
3491
Let g = 6 - 18. What are the prime factors of -11 - g - (-10)/2?
2, 3
Let r(d) = 62*d + 7. What are the prime factors of r(8)?
503
What are the prime factors of (-132)/7*21/(-6)?
2, 3, 11
Suppose g + 2*g = 3. Suppose -k + 2 = -g. Suppose 4*w - 4 = 0, -63 = -5*y + k*w + 54. List the prime factors of y.
2, 3
Suppose 34*p + 4219 = 27101. List the prime factors of p.
673
Suppose 5*y - o = 2200, -4*y + 440 = -3*y - 2*o. List the prime factors of y.
2, 5, 11
Let x(n) = -n - 3. Let k be x(-4). List the prime factors of (168 - k)*(4 - 3).
167
Let x(c) = -2*c**3 - 5*c**2 + 3*c + 4. Let s be x(-4). Let z = 2 + s. List the prime factors of z.
2, 3, 7
Let v = -38 - -47. Suppose -2*l - 140 = -2*h, 4*h + 2*l = v*h - 344. List the prime factors of h.
2, 17
Suppose 10 = -5*v, -7 = -2*d + 3*v + 467. List the prime factors of d.
2, 3, 13
Suppose 0 = -2*t - 5*o - 26, -t - o - 13 = 4*o. Let r(d) = -2*d**2 - 15*d + 8. Let u be r(t). Let s = -95 - u. What are the prime factors of s?
2, 5
Let w = 1174 - 315. What are the prime factors of w?
859
Let l = 6090 - 2850. List the prime factors of l.
2, 3, 5
Let n(f) = 117*f**2 - 13*f - 80. List the prime factors of n(-5).
2, 3, 5, 97
Suppose -212 = 14*j - 18*j. Let u be (-34)/(-10) - (-4)/(-10). Suppose u = g - j. What are the prime factors of g?
2, 7
Let y be (-2 - (-1389)/(-12))/((-27)/72). Let d = -153 + y. What are the prime factors of d?
7, 23
Let h be (21/14)/((-1)/(-2)). What are the prime factors of 22 + (-5 - h) + 5?
19
Suppose -7*q = -5*q. Let p(t) = -4*t + q - 1 + t**2 + 3*t + t**2. List the prime factors of p(4).
3
Suppose b - 10 = -4*b. Let o(g) = 0*g**2 - 3 + 2*g**2 + 0*g - 2*g**3 - g**2 - b*g. List the prime factors of o(-2).
3, 7
Let v be (-16)/12*6/(-4). Let u be (-9 + 7)*(-5)/v. Suppose -u = -2*h - 4*o + 45, -56 = -2*h - o. What are the prime factors of h?
29
Let l(m) = -2*m**2 + m + 1. Let u be l(2). Let o(r) be the second derivative of r**5/20 + 7*r**4/12 + r**3/6 + 2*r**2 + 2*r. What are the prime factors of o(u)?
7
Suppose -n - 2 - 3 = 0. Let c be (4/(-5))/(2/n). Suppose -c*m = m - 81. What are the prime factors of m?
3
Let z = 221 - -63. What are the prime factors of z?
2, 71
Let o(h) = h**3 - 4*h**2 - h + 3. Let m be o(4). Let z = m - -31. Suppose 2*v = -v + z. List the prime factors of v.
2, 5
Let a = -3862 - -5498. List the prime factors of a.
2, 409
Suppose -41*c - 670 = -46*c. List the prime factors of c.
2, 67
Let x(p) = p**3 - 7*p**2 - 5*p - 1. Let v be 3/(-4) + 31/4. Let f = v - -1. List the prime factors of x(f).
23
Let h(y) = -69*y - 2*y**2 + 68*y - 10*y**3 - y**3. What are the prime factors of h(-2)?
2, 41
Let v(j) = -j + 3. Let r be v(7). Let b be 7 + r + 2/2. Suppose -39 = -s - b*d, s + 4 - 13 = 2*d. List the prime factors of s.
19
Let x = 29 - 21. Let y be 1/2*48/x. Suppose 4*s = -y*r + 113, -5*r - 5*s + 181 = -2*s. List the prime factors of r.
5, 7
Let s be (-71 + 2)*(40/12 + -3). Let t = -22 - -70. Let b = s + t. List the prime factors of b.
5
Let i(j) = -629*j - 45. What are the prime factors of i(-6)?
3, 11, 113
Let s(v) = 22*v - 8 + 6 - 1. List the prime factors of s(1).
19
Let t be -87*(0 - (-4)/(-6)). Suppose 0*c - 5*r - 182 = -3*c, r = c - t. What are the prime factors of c?
2, 3
Suppose 5*n - q = 33 - 9, -n - q = -6. Suppose 134 - 34 = n*t. What are the prime factors of t?
2, 5
Let p(d) = -9*d - 1. Let n be p(-1). Suppose n*w - 112 = 4*w. List the prime factors of (-302)/(-8) - (-7)/w.
2, 19
Let q(b) = b**2 + 4*b + 3. Let d be q(-3). Let v(g) = -g**2 + 49. What are the prime factors of v(d)?
7
Let j = 320 - -1773. What are the prime factors of j?
7, 13, 23
Let n(r) = 2*r**2 - 14*r - 2. Let z(p) = p**2 + 8*p - 9. Let m be z(-10). Let i be n(m). Let a = i - 54. List the prime factors of a.
2
Let h = -578 - -610. List the prime factors of h.
2
Suppose 27 = 4*u - 3*n, 8*n + 3 = 2*u + 3*n. Suppose m + 23 = 4*g, -u = 4*m - 29. Suppose -g = v - 2*v. List the prime factors of v.
7
Suppose 74 = 2*t - t. Let i = 356 - t. List the prime factors of i.
2, 3, 47
What are the prime factors of 7*(2*8 - (26 - 31))?
3, 7
Let